u**6 + 0 + 0*u - 2/3*u**3 - j*u**2 + 1/10*u**5 - 1/3*u**4. What is t(-7)?
3
Let u(o) = 9*o**2 - 8*o**2 - 18 - 10*o - 16 + 25. What is u(10)?
-9
Let i(w) = -5*w - 44. Let p(u) = -u - 6. Let f(j) = i(j) - 8*p(j). Determine f(13).
43
Suppose -5*x - 7 + 2 = 0. Let i(b) = -2 - 14 + 2*b + 4*b + 17 - 4*b. What is i(x)?
-1
Suppose -216 = -28*n + n. Suppose -32 = -4*c + w, -c + 5*w + 27 = -0*w. Let k(t) = n*t + t + t**2 + 18 - c. Give k(-8).
3
Suppose 0 = -0*q + q + 78. Let h be 420/26 - (-12)/q. Let d be (-52)/(-14) - h/(-56). Let w(n) = 3*n - 6. Give w(d).
6
Let v(p) = -31*p - 103. Let z be v(-3). Let d(w) = 15*w + 146. What is d(z)?
-4
Suppose 22*t - 3*t + 38 = 0. Let z = t - -6. Let s(u) = 4*u + 7. Determine s(z).
23
Let f(t) = -t**2 + 17*t - 5. Let l(n) = -n - 13. Let a be l(-29). What is f(a)?
11
Let a(l) = -l**3 - l**2 + 7. Suppose 4*j - 15*j = 8*j. Determine a(j).
7
Suppose -2*r = -r - 2. Let i be r - -2 - 16/2. Let a(h) = h**2 + 4*h + 2. Determine a(i).
2
Let n be (13 + 102/(-9))/((-2)/6). Let p(v) = -v**2 + 2*v + 27. Calculate p(n).
-8
Let b(z) = -2*z - 1. Let o(n) be the first derivative of -5*n**2/2 + 48. Let l(h) = 3*b(h) - o(h). Calculate l(-7).
4
Let u = -4046 - -16185/4. Let v(j) be the first derivative of -2 + u*j**4 - j + 3/2*j**2 + 2*j**3. Give v(-6).
-19
Let w(k) = 14*k**3 - 2*k**2 + 2*k - 1. Let x be 6 + -14 - -12 - 3. What is w(x)?
13
Let b(k) be the first derivative of -5*k**4/4 + 2*k**2 - 3*k + 2226. Calculate b(2).
-35
Let u(z) be the second derivative of -93*z**5/20 - 22*z + 4. Give u(-1).
93
Let c(f) = f**3 - 10*f**2 + 4*f - 12. Let w = -860 + 870. What is c(w)?
28
Let f(r) = -r + 0 - 2 + 4*r + 3*r**2 + 9 - 8*r. Determine f(1).
5
Let k(f) = f**3 + 94*f**2 + 98*f + 468. Let g be k(-93). Let d(y) = 2*y**3 - 2*y**2 - 1. Determine d(g).
35
Let h(t) = -36*t + 21*t - 8 + 15*t**3 + 7 + 14*t. Suppose -8*j - 4 - 4 = 0. Calculate h(j).
-15
Let i(h) = 3*h**2 - 11*h + 1. Let d(o) = o**2 - o + 1. Let c(g) = -4*d(g) + i(g). Suppose -207301*f = -207097*f + 816. Calculate c(f).
9
Let g(o) = 2*o + 1. Let h(m) = -m**2 + 35*m + 11. Let d(r) = -4*g(r) + h(r). What is d(27)?
7
Let c(g) be the second derivative of 2*g + 0 - 1/6*g**4 - 3/2*g**2 - g**3. Let v be (-3999)/837 + 6/(-27). Give c(v).
-23
Let d(a) be the second derivative of a**5/20 + 13*a**4/12 + 41*a**3/6 + 10*a**2 + 7946*a. Calculate d(-9).
-25
Let o(r) = -r**3 - 3*r**2 + r - 2. Let t = 131 + -134. Suppose -4*n = -4*p - 20, -2*n + p + 2 = -3. Let x = t - n. Calculate o(x).
-5
Let t(b) = 6*b**2 + 24*b + 7. Let v(g) = -g**2 - 4*g - 2. Let q(k) = t(k) + 4*v(k). What is q(-6)?
23
Suppose -h + 5*d - 43 = 10, -2*h = d + 106. Let r = -48 - h. Suppose -1 + r = m. Let v(i) = -2*i + 4. Calculate v(m).
-4
Suppose -26*j - 177 = 33*j - 0*j. Let p(u) be the third derivative of -u**4/4 - u**3/6 - 8*u**2. Give p(j).
17
Suppose -b + r + 11 = 0, -3*r - 5 = -b - 2. Let g = -6 + b. Let x = g - 10. Let u(n) = -9*n**2 + 2*n + 1. Give u(x).
-10
Let l(h) be the first derivative of 11*h**2/2 - 18*h - 329. Calculate l(4).
26
Let u(y) be the first derivative of -7*y - 1/2*y**2 + 34. What is u(-5)?
-2
Let o(i) = i**2 - 18*i + 17. Suppose -3*w + 5348 = 5303. Give o(w).
-28
Let r(g) = -g**3 - 2*g**2 + g + 2. Let l be r(0). Suppose 7 = -l*d + 27. Suppose v + d = -v. Let k(u) = -u**3 - 5*u**2 - u - 6. Give k(v).
-1
Let s(c) = c + 12. Let b(t) = -t**3 + 12*t**2 + t - 5. Let d be b(12). Let h(f) = f**3 - 6*f**2 - 10*f + 24. Let j be h(d). Suppose j*y - 6 = 4*y. What is s(y)?
6
Let r(c) = 5*c**2 + 10*c + 9. Let u(g) = 23*g**2 + 47*g + 39. Let s(h) = -14*r(h) + 3*u(h). Calculate s(8).
-65
Suppose -1 + 5 = 4*j, 4*x = 2*j + 10. Suppose 10 + 1 = -5*m - 3*d, -x*m = 3*d + 3. Let v(o) = -o**2 - 4*o + 4. Determine v(m).
4
Let o(n) = n**3 + 7*n**2 - 12*n - 89. Let g(j) = j**3 + 9*j**2 - 11*j - 88. Let s(d) = -9*g(d) + 8*o(d). What is s(-25)?
5
Let u(b) be the third derivative of 0*b + 0 - 7/30*b**5 + 5/6*b**3 - 1/120*b**6 - 57*b**2 + 1/24*b**4. What is u(-14)?
-9
Let v be 1 - 1 - 2/(-1). Let c(d) = -291*d - 1 - 291*d - 3*d**2 - 291*d + 1168*d - 292*d. Calculate c(v).
-7
Let f(r) = r**2 + 11*r - 1. Suppose -3*p - 2*l - 77 = 3*l, -2*p - 4*l - 48 = 0. Let t = p + 26. Give f(t).
-25
Let m(y) = -y**2 - 9*y - 4. Let o be m(-7). Let c be -8 + 10 + 0 + -1. Let a(h) = 33*h - 16*h - 9*h - o*h - c. Calculate a(-5).
9
Let o = -11514 - -11511. Let c(g) = 17*g + 43. What is c(o)?
-8
Let a(q) = -q**3 - 5*q**2 + q + 12. Let c(b) = -87*b + 343. Let m be c(4). What is a(m)?
7
Let b(p) = 2*p**3 - 206*p**2 + 200*p + 412. Let n be b(102). Let c(a) = -a - 27. What is c(n)?
-31
Let y(i) = -10*i - 216. Let n(u) = 417*u + 3732. Let a be n(-9). What is y(a)?
-6
Let s(g) be the first derivative of -g**4/12 + 9*g**2 + 57*g + 27. Let x(n) be the first derivative of s(n). Let z = 2 + -2. Determine x(z).
18
Let q(s) = -10*s**2 + 3*s + 2. Let a(m) = -61*m**2 + 26*m + 59. Let t(i) = -a(i) + 6*q(i). Calculate t(12).
1
Let o(k) be the first derivative of 3*k**2 - 7*k - 1064. Calculate o(13).
71
Let d(m) be the first derivative of 7 + 1/6*m**3 + 3/8*m**4 + 9/2*m**2 - 1/60*m**5 + 0*m. Let y(w) be the second derivative of d(w). Give y(5).
21
Let x(z) = z**2 + 57*z + 209. Let p be x(-53). Let m(o) = -2*o**2 - o + 6. What is m(p)?
-9
Let b(z) = z**2 - 11*z - 25. Suppose -x + h = -17, 532*x - 21 = 529*x - 3*h. Determine b(x).
-13
Suppose 0 = -2*m - 4*v, -15*m + 20*m = -2*v + 40. Let k(a) = m*a + 3 + 0 - 6 + 2. What is k(3)?
29
Let n be (8/(-10) - (-574)/280)*4. Suppose n*w + 50 = -5*g, -8*g + 4*w + 32 = -11*g. Let m(y) = 2*y + 11. What is m(g)?
-5
Let p(y) = 5*y + 3. Let v(i) be the first derivative of -i**4/4 + 11*i**3/3 - 7*i**2/2 - 32*i + 14. Let m be v(10). Calculate p(m).
-7
Let x be (0/1)/(2/(-1)). Let l be x - (-1 + 0 + -1). Let d(b) = 8*b**2 + b - 4*b**2 - 2*b**2 - 2 - b + 2*b + 0*b**2. Give d(l).
10
Let i(j) = -j - 10. Let l be 4*(-15)/12*2/(-5). Suppose 2*t + 45 = -3*g, 4*g - l*t + 7 = -53. Give i(g).
5
Let h = -7844 - -7842. Let j(a) = 9*a + 1. Determine j(h).
-17
Suppose -2*x + 11 = 7, 2*c - 3*x = 28. Let i(n) = -n**2 + 17*n - 14. What is i(c)?
-14
Let u(h) = -2*h**2 - 5*h - 2. Let y = 12 - 26. Let a be 7/y - 30/(-4). Suppose a + 5 = -4*v + 4*x, 0 = -4*v - 4*x - 12. What is u(v)?
-5
Let f(b) = 8*b + 6. Let m be -9 + (19 - -6) + -9. Let g(u) = 11*u + 9. Let o(y) = m*f(y) - 5*g(y). Determine o(7).
4
Let y(f) be the first derivative of -1/4*f**4 - 294 + 1/3*f**3 + 12*f - 1/2*f**2. Give y(0).
12
Let l be -15 - -3*(-4)/(-12). Let t(n) = n**2 + 15*n + 17. Let r be t(l). Let g(b) = -6*b - 3. Determine g(r).
-21
Let a be ((-9)/7 + 1)*-7. Suppose -132 = -a*w - 0*w. Let z(j) = 60*j - 5 - w*j - 1 - j**2. Calculate z(-5).
-1
Let s(k) = 25*k**2 + k - 1. Let f be s(2). Suppose 0 = 26*x - 115*x + 9701. Let a(z) = f - x + 0*z**2 - 5*z + z**2. Give a(6).
-2
Let q(o) = -o**2 - 2*o. Let m be q(-2). Let s(x) be the third derivative of 0 + 0*x + 0*x**4 + 51*x**2 + 7/2*x**3 - 1/60*x**5. What is s(m)?
21
Let q = 5436 + -5434. Let y(w) = 6*w**3 - 5*w + 3. Determine y(q).
41
Let f(s) = s**3. Let y(x) = x**3 - 4*x**2 - 6*x - 13. Let v(j) = j**3 + 5*j**2 + 3*j - 3. Let h be v(-3). Let n be y(h). Let z = 22 - n. Give f(z).
-1
Let f(o) = -10*o - 15*o + 15*o + 5*o**3 - 4*o**3. Let n be f(3). Let q(g) be the first derivative of -g**2/2 + g - 1. What is q(n)?
4
Let x be -3 + 46/14 - 4/14. Let g(a) be the third derivative of -a**4/24 - a**3/2 + 3*a**2 - 18*a. Determine g(x).
-3
Let c(i) be the first derivative of 0*i**2 + 2 + 15*i + 1/6*i**3 + 7/12*i**4. Let j(z) be the first derivative of c(z). Calculate j(-1).
6
Let x(n) = 13*n - 3. Suppose -7*o - 292 = -595 + 296. What is x(o)?
10
Suppose -a - 16 = -3*a. Let p(m) = 2*m + 31. Let t(j) = j + 14. Let h(d) = -6*p(d) + 14*t(d). Give h(a).
26
Let g(x) = -1560 + 2*x - 2*x**2 - 3*x**2 - x**2 + 1566. Determine g(3).
-42
Let s(p) = -57596*p**2 - p**3 + 28799*p**2 + 28798*p**2 - 2*p - 82. Calculate s(0).
-82
Let a(m) be the first derivative of -m**5/15 - m**4/8 - m**3/6 - 75*m**2/2 + 95. Let p(j) be the second derivative of a(j). What is p(-1)?
-2
Let h(f) = f**3 - 11*f**2 + 9*f + 2. Suppose 2403 + 2693 = -14*d. Let z = -354 - d. Calculate h(z).
-8
Let h(w) = 3*w**2 - 13*w + 15. Suppose -50*r + 391 - 191 = 0. Determine h(r).
11
Suppose d = -2